= -4*i. Let l = i - u. What are the prime factors of l?
3, 13
Let v(w) = -2*w**2 + 3*w. Let y be v(4). Let z be 1 - 2/2*y. Suppose 12 = z*o - 18*o. List the prime factors of o.
2
Let k(v) = v**2 - 14*v + 5. Let x be k(9). Let q = x + 105. List the prime factors of q.
5, 13
List the prime factors of 5 - (8630/(-45) - 2/9).
197
Let v = 123 + -105. Let l(i) = i**3 - 18*i**2 + 40. What are the prime factors of l(v)?
2, 5
Let i = 5 + -5. Suppose l + i = -1. What are the prime factors of 16/((-4)/8 - l)?
2
Let j(u) be the third derivative of 7*u**4/24 + u**3/6 - u**2. Suppose 17*h - 5*h - 60 = 0. What are the prime factors of j(h)?
2, 3
Suppose 4*w = 2*b + 147 - 2649, 6195 = 5*b + 5*w. What are the prime factors of b?
11, 113
Let q(f) = 3*f**2 - f + 1. Let b be q(5). Suppose -b = -2*z + 119. What are the prime factors of z?
5, 19
Let x = 4 + -1. Suppose x*b - 5 = 7. Suppose b*p - 20 - 16 = 0. What are the prime factors of p?
3
Suppose 38*i - 1660 = 34*i. List the prime factors of i.
5, 83
Let i(k) = 3 + k**2 - 2*k**2 + 44*k - 4 - 35*k. Let h = -3 - -7. What are the prime factors of i(h)?
19
Let t = 11 + -9. Let k = 1 + t. Suppose -2*q + 32 = -5*n, -k*q + 138 = 2*q + 2*n. List the prime factors of q.
2, 13
Suppose -1 - 11 = -3*v. Suppose 0 = -5*o + 2*x + 4 + 20, -18 = -2*o - 2*x. What are the prime factors of o - 4 - v*-7?
2, 3, 5
Let t be -1 - (3 - (-4 - 49)). Let b be 1 + (-1 - t/3). Let m = b - 17. List the prime factors of m.
2
Let b = -984 + 3170. List the prime factors of b.
2, 1093
Let g(f) = 225*f + 7. Let b be g(2). Suppose 658 = 5*k - b. List the prime factors of k.
223
Suppose 16 = 3*c + c - h, -3*h = 3*c + 3. Let q be ((-12)/8)/(c/(-6)). Suppose 0 = -2*o + q + 5. List the prime factors of o.
2
Let r(t) = 2*t**2 - 33*t - 24. List the prime factors of r(18).
2, 3, 5
Let m(a) = a**3 + 4*a**2 - 9*a + 20. Let p be m(-6). Let g be ((-2)/6)/(1/(-6)). Let u = p + g. List the prime factors of u.
2
Suppose -9*n = -7*n + 2. Let h = n + 4. Suppose h*q = 77 + 61. What are the prime factors of q?
2, 23
Suppose h + 0*h - 3 = 0, 5*i + 4*h = 6202. What are the prime factors of i?
2, 619
Let v = 55 + -5. Suppose v = q - 27. List the prime factors of q.
7, 11
What are the prime factors of -244*12/96*-114?
3, 19, 61
Let f(q) = q**3 + 3*q**2 - q + 4. Let h be f(-3). Let x be 346/14 - (-2)/h. Let s = x + -9. List the prime factors of s.
2
Let q(g) = -g**3 - 9*g**2 - 9*g - 14. What are the prime factors of q(-11)?
3, 109
Suppose -281 = 2*h + 3*w, -h - 3*h - 551 = -5*w. Let r = -55 - h. What are the prime factors of r?
2, 3, 7
Suppose -408*y = -405*y - 1902. List the prime factors of y.
2, 317
Let k = 53 - 88. Let h be 1/(1/2) - k. Suppose -4*t + 273 - h = 0. List the prime factors of t.
59
Let f be (-5)/(4/(-1 - 3)). Suppose f*y - 180 = 120. What are the prime factors of y?
2, 3, 5
Suppose 4*n = 2*n + 4. Suppose 4*l = n*l - 18. Let o = l - -20. List the prime factors of o.
11
Let n be 2/(-6) + 170/6. Let t(i) = i**2 + 15*i + 16. Let j be t(-14). Suppose -3*c + 2*d + 64 = 0, -2*c + 14 = -j*d - n. What are the prime factors of c?
2, 11
Suppose -u - 28*s = -33*s - 685, -2*u + 4*s + 1364 = 0. List the prime factors of u.
2, 5, 17
Suppose 0 = -3*n + 5*f - 11, 5*n + 2*f = 18 + 5. What are the prime factors of (-114)/(-3) - 9/n?
5, 7
Suppose -4 = -10*x + 8*x. Suppose -a = p - 3*p - 5, -4*p + x = 2*a. Suppose -2*s + 10 = 0, 0*q - s = a*q - 158. List the prime factors of q.
3, 17
Suppose 0*m = 5*a - m + 2797, -4*m - 1132 = 2*a. List the prime factors of 1/(32/40 + 438/a).
2, 7
Suppose -5*i = -3*i - 5*v - 29, -2*v = 3*i - 91. Let b = -14 + i. List the prime factors of b.
13
List the prime factors of ((-1558)/(-57))/((-10)/(-1005)).
41, 67
Let t(p) = p**2 + 111*p + 598. List the prime factors of t(0).
2, 13, 23
Suppose -50*q = -56*q + 4872. What are the prime factors of q?
2, 7, 29
Let b(h) = -2*h**2 - 2*h + 4. Let c be b(11). Let i = c + 442. List the prime factors of i.
2, 7, 13
Let i = -295 - -132. Let t = i + 266. What are the prime factors of t?
103
Suppose d = -3*k + 27 + 211, -5*d + 1164 = 2*k. List the prime factors of d.
2, 29
Suppose -g + 7 = 3. Let q be (2 - g) + 5 - -3. Suppose q*t = -30 + 276. What are the prime factors of t?
41
Let t(m) be the first derivative of -m**3/3 + 8*m**2 + 3*m + 3. List the prime factors of t(11).
2, 29
Let h(a) = -15*a**3 + 2*a**2 + 7*a + 73. List the prime factors of h(-7).
23, 229
Let g = 2176 - -153. What are the prime factors of g?
17, 137
Let h be ((-5)/(-25))/((-3)/(-15)). What are the prime factors of h + (-2 - -7*3)?
2, 5
Let m be (-3 + (3 - -1))/1. Let i = m - -1. Suppose 3*a + d + d = 61, -5*a + 99 = i*d. List the prime factors of a.
19
Suppose 2*y = 5*j - 6890, -4*y - 5524 = 6*j - 10*j. What are the prime factors of j?
2, 43
Suppose -24261 - 25047 = -12*l. List the prime factors of l.
7, 587
Let u(w) = -w**3 - 5*w**2 - 4*w + 13. Suppose 0 = j + 3*j + 24. What are the prime factors of u(j)?
73
Let o = -1027 + 1771. List the prime factors of o.
2, 3, 31
Suppose 0 = -r + 5*r, 0 = 4*s - r + 12. What are the prime factors of s/(4 + (-1 - 2))*-19?
3, 19
Suppose w + w - 162 = -2*l, -5*w - 3*l + 403 = 0. Suppose 4*x = -1 + 1. Suppose 5*j - w - 80 = x. List the prime factors of j.
2
Let g(t) = t**3 - 13*t**2 + 12*t - 9. Let w(y) = y**2 - 2*y. Let u(k) = -g(k) - 3*w(k). Let r be -1 - ((-1 - -1) + -10). List the prime factors of u(r).
2, 3
Let w = 94 + -65. Suppose 27*z = w*z - 114. List the prime factors of z.
3, 19
Suppose 0 = -50*n - 19952 + 67002. What are the prime factors of n?
941
Suppose -30 = 3*b - 4*y, 4*b + 2*y + 50 = 10. Let l be 7/((-9)/b + -1). What are the prime factors of 15/(-10)*l/3?
5, 7
Let i = -14 - -16. Suppose v + q = i*v - 3, 0 = 4*v + q - 7. What are the prime factors of v?
2
Suppose 7*g - 4139 = 5661. List the prime factors of g.
2, 5, 7
Suppose 11*l + 1065 = 10*l. What are the prime factors of 2/((-436)/l + 20/(-50))?
3, 71
Suppose d = -2*s + 4, 0 = -2*d + 3*s - 2 - 18. Let g be (d - -3)*-4 + 12. What are the prime factors of ((-196)/g + 4)*-8?
2, 3, 11
Suppose 4*t + 36 = t - 3*k, 5*t + 60 = 3*k. Let v = t - 2. Let q = 18 - v. List the prime factors of q.
2
Let l be -2 + 6 + -3 + (3 - 1). Suppose l*i - 188 = i. List the prime factors of i.
2, 47
Let m(s) = s**2 - 4*s + 37. List the prime factors of m(7).
2, 29
Let l(u) = 6*u - 9 - 48*u + 10 + 22. Let v(c) = 105*c - 57. Let s(f) = -12*l(f) - 5*v(f). List the prime factors of s(-3).
2, 3
Suppose -863 = 22*j - 5967. What are the prime factors of j?
2, 29
Let p be 24*((-2)/6 + 1). What are the prime factors of 2/p*4*40?
2, 5
Let b(r) = 53*r**2 + 1. Let w be b(1). Let s = w - 25. List the prime factors of s.
29
Let c = -4496 - -6364. What are the prime factors of c?
2, 467
Suppose 2934 = 2*j - 3*i - 989, 0 = 3*j + 2*i - 5878. What are the prime factors of j?
2, 5, 7
Suppose -14 - 11 = -5*q. Suppose -5*z = -0 - q. Suppose 0 = f + 4*n - z - 1, 3*n = f - 9. What are the prime factors of f?
2, 3
Let z(a) = -a**3 + a**2. Let i be z(0). Let g(l) = 10 - 4*l + 0*l + 6*l - l. List the prime factors of g(i).
2, 5
Suppose 870 = 2*n - 4*x, -2*n = -7*n + 4*x + 2175. List the prime factors of n.
3, 5, 29
Let l = -38 + 102. Let n = l + -56. What are the prime factors of n?
2
Let m = -52 - -74. Suppose w - m = 22. List the prime factors of w.
2, 11
Let g(p) = 15*p + 427. What are the prime factors of g(0)?
7, 61
Suppose 3*s - 2 = -8. Let z(b) = -23*b**3 - b**2 - b. List the prime factors of z(s).
2, 7, 13
Let p(k) = -13*k**3 + 2*k**2 + 9*k - 3. List the prime factors of p(-3).
3, 113
Suppose 50320 = 16*y + y. List the prime factors of y.
2, 5, 37
Let m(u) = -u**3 - 3*u**2 + 6*u + 6. Let t be (-6)/4*-2 + 0. Suppose -t*g - 20 = g. List the prime factors of m(g).
2, 13
Suppose -4*m - 16 = -u + 42, -4*u - m = -164. Suppose -6*r + u = -1104. List the prime factors of r.
191
Let a be ((-6)/(-5 + -1))/(-1 - 0). Let b(i) = 155*i**2 - i + 1. List the prime factors of b(a).
157
Let x(w) = -w**3 + w**2 + w + 1. Let a(z) = -2*z + 3*z + 15*z**2 + z**3 - 3*z - 18*z**2 - 9. Let b(u) = a(u) + 2*x(u). What are the prime factors of b(-4)?
41
Suppose -2*y - 2*y = 4*m - 3212, 0 = -3*m - 2*y + 2409. List the prime factors of m.
11, 73
Let c(b) = -b**2 + 5*b - 2. Let z be c(4). Suppose 0 = -7